1, 6803
List the prime factors of 2440624.
2, 152539
List the prime factors of 2040208518.
2, 3, 31, 127, 86369
List the prime factors of 1296801167.
19, 409, 8783
What are the prime factors of 3039351136?
2, 94979723
What are the prime factors of 26787893?
11, 23, 113, 937
List the prime factors of 286028207.
23, 61, 203869
What are the prime factors of 19266161?
113, 170497
List the prime factors of 817794.
2, 3, 45433
What are the prime factors of 253591179?
3, 47, 1798519
What are the prime factors of 4406271758?
2, 7, 383, 821759
What are the prime factors of 544286424?
2, 3, 11, 2061691
What are the prime factors of 198457721?
7, 11, 467, 5519
What are the prime factors of 73744231?
11, 6704021
List the prime factors of 537593553.
3, 7, 89, 13697
What are the prime factors of 1605129012?
2, 3, 44586917
What are the prime factors of 162662?
2, 81331
List the prime factors of 112095735.
3, 5, 61, 122509
What are the prime factors of 30518794?
2, 241, 63317
List the prime factors of 1191033357.
3, 23, 61, 282973
List the prime factors of 1236890074.
2, 7, 383, 389, 593
What are the prime factors of 375683626?
2, 12211, 15383
List the prime factors of 731818606.
2, 365909303
List the prime factors of 89164021.
4289, 20789
List the prime factors of 2167476895.
5, 103, 439, 9587
List the prime factors of 6701043330.
2, 3, 5, 23, 47, 2551
What are the prime factors of 32131481?
431, 74551
What are the prime factors of 2359588461?
3, 53, 14840179
What are the prime factors of 74150843?
13, 67, 85133
List the prime factors of 1280314813.
71, 107, 127, 1327
What are the prime factors of 924522748?
2, 19, 487, 24979
List the prime factors of 2680962.
2, 3, 446827
What are the prime factors of 518243337?
3, 23, 31, 80761
What are the prime factors of 2077639264?
2, 223, 359, 811
List the prime factors of 2862744900.
2, 3, 5, 59, 197, 821
What are the prime factors of 61894568?
2, 389, 19889
What are the prime factors of 49161846?
2, 3, 31, 53, 4987
List the prime factors of 1867616503.
59, 911, 34747
What are the prime factors of 30116933?
7, 11, 79, 4951
List the prime factors of 3115364744.
2, 139, 2801587
What are the prime factors of 1956638833?
3943, 496231
What are the prime factors of 100370857?
100370857
What are the prime factors of 6191990007?
3, 7, 6017483
What are the prime factors of 48134626?
2, 293, 82141
List the prime factors of 1439566237.
5779, 249103
List the prime factors of 51492425.
5, 2059697
What are the prime factors of 134282388?
2, 3, 17, 658247
What are the prime factors of 1280642734?
2, 7, 1117, 11699
What are the prime factors of 6825962?
2, 11, 13, 29, 823
What are the prime factors of 11551524?
2, 3, 962627
List the prime factors of 4616305595.
5, 11, 241, 348269
List the prime factors of 1435303745.
5, 239, 811, 1481
List the prime factors of 217556995.
5, 43, 1011893
What are the prime factors of 338152413?
3, 6569, 17159
What are the prime factors of 1609133018?
2, 2729, 294821
What are the prime factors of 93505024?
2, 182627
List the prime factors of 239215235.
5, 7, 43, 53, 2999
What are the prime factors of 232805758?
2, 47, 277, 8941
What are the prime factors of 532822553?
71, 7504543
What are the prime factors of 54292178?
2, 27146089
What are the prime factors of 1356329046?
2, 3, 71, 3183871
List the prime factors of 12960010.
2, 5, 7, 26449
What are the prime factors of 1534962176?
2, 11, 449, 607
List the prime factors of 258250498.
2, 11, 11738659
What are the prime factors of 194198702?
2, 97099351
List the prime factors of 27844318.
2, 13922159
What are the prime factors of 52037701?
167, 311603
List the prime factors of 13392412.
2, 11, 304373
List the prime factors of 270326790.
2, 3, 5, 59, 50909
List the prime factors of 7132771.
19, 83, 4523
List the prime factors of 751523829.
3, 7, 151, 33857
What are the prime factors of 343971531?
3, 1123, 34033
List the prime factors of 37731244.
2, 9432811
What are the prime factors of 740404527?
3, 31, 41, 194179
List the prime factors of 3571723542.
2, 3, 595287257
List the prime factors of 124541228.
2, 7, 23, 193387
List the prime factors of 908590221.
3, 7, 11, 1311097
List the prime factors of 129455581.
129455581
List the prime factors of 857833492.
2, 4603, 46591
List the prime factors of 582415816.
2, 19, 29, 37, 3571
What are the prime factors of 2153355059?
23, 109, 449, 1913
What are the prime factors of 35254499?
7, 83, 60679
What are the prime factors of 1358545146?
2, 3, 7, 79, 331, 1237
List the prime factors of 5933888922.
2, 3, 13, 79, 131, 7351
What are the prime factors of 108133570?
2, 5, 10813357
What are the prime factors of 42323641?
47, 353, 2551
List the prime factors of 195361613.
6473, 30181
List the prime factors of 355496418.
2, 3, 17, 23, 113, 149
List the prime factors of 945456063.
3, 10091, 31231
List the prime factors of 2923407916.
2, 11, 13, 23, 20201
What are the prime factors of 1592742850?
2, 5, 31854857
List the prime factors of 1136291272.
2, 197, 720997
What are the prime factors of 1555482035?
5, 37, 191, 44021
What are the prime factors of 2294630531?
2294630531
List the prime factors of 298460604.
2, 3, 13, 23, 193, 431
What are the prime factors of 606421845?
3, 5, 31, 113, 3847
List the prime factors of 402497780.
2, 5, 17, 137, 8641
What are the prime factors of 590000645?
5, 13, 9076933
List the prime factors of 24785949.
3, 17, 197, 2467
What are the prime factors of 152742?
2, 3, 25457
List the prime factors of 5240879135.
5, 691, 1516897
List the prime factors of 361149502.
2, 7, 59, 8923
List the prime factors of 47721917.
181, 263657
What are the prime factors of 17037254?
2, 13, 241, 2719
List the prime factors of 263231642.
2, 23, 5722427
List the prime factors of 109593099.
3, 7, 11, 158143
What are the prime factors of 141884835?
3, 5, 9458989
List the prime factors of 79281101.
6389, 12409
What are the prime factors of 62224361?
23, 181, 14947
What are the prime factors of 1373682?
2, 3, 283, 809
List the prime factors of 82625515.
5, 7, 163, 2069
List the prime factors of 1341039155.
5, 268207831
What are the prime factors of 278772560?
2, 5, 11, 19, 16673
List the prime factors of 1799868085.
5, 983, 366199
What are the prime factors of 3043659832?
2, 53, 7178443
What are the prime factors of 23412451?
17, 131, 10513
List the prime factors of 37453728.
2, 3, 13, 30011
What are the prime factors of 1265671617?
3, 7, 37, 97, 2399
What are the prime factors of 3957850037?
3957850037
List the prime factors of 657279814.
2, 107, 1373, 2237
What are the prime factors of 40942875?
3, 5, 23, 47, 101
What are the prime factors of 162985313?
162985313
List the prime factors of 35304149.
23, 1534963
List the prime factors of 10030293.
3, 7, 13, 37, 331
List the prime factors of 30001136.
2, 11, 373, 457
List the prime factors of 9275042.
2, 7, 283, 2341
What are the prime factors of 153963332?
2, 59, 241, 2707
List the prime factors of 150055582.
2, 2927, 25633
What are the prime factors of 1318201531?
53, 24871727
List the prime factors of 3894304023.
3, 432700447
List the prime factors of 259663676.
2, 139, 467021
What are the prime factors of 102733278?
2, 3, 17, 43, 59, 397
What are the prime factors of 1569621572?
2, 392405393
What are the prime factors of 2362777299?
3, 15727, 16693
List the prime factors of 1900933720.
2, 5, 7, 359, 18911
List the prime factors of 2398445852.
2, 11, 54510133
List the prime factors of 163526661.
3, 6056543
List the prime factors of 1323852572.
2, 7, 47, 89, 127
List the prime factors of 178991600.
2, 5, 53, 8443
List the prime factors of 1653272991.
3, 5507, 11119
What are the prime factors of 160424277?
3, 13, 19, 149, 1453
List the prime factors of 363378194.
2, 569, 319313
What are the prime factors of 98770903?
7, 11, 1282739
What are the prime factors of 1270641041?
61, 1087, 19163
What are the prime factors of 359886029?
12377, 29077
List the prime factors of 5456223883.
11, 151, 853, 3851
What are the prime factors of 212306348?
2, 53076587
What are the prime factors of 102362043?
3, 7, 487, 10009
What are the prime factors of 1122975402?
2, 3, 97, 127, 15193
List the prime factors of 59346435.
3, 5, 3956429
What are the prime factors of 17940800?
2, 5, 